?
True
Is 23343766591 composite?
True
Is 687415601 composite?
False
Is 5877351703 a composite number?
True
Is 29688652509 composite?
True
Is 43795146287 a composite number?
False
Is 1012919365 a composite number?
True
Is 3769721587 a prime number?
True
Is 2121069817 prime?
False
Is 7320437081 composite?
False
Is 4036374217 a composite number?
True
Is 23031032917 a composite number?
False
Is 16031684381 composite?
False
Is 34179102521 a composite number?
False
Is 2656819829 a composite number?
False
Is 7526392451 a prime number?
True
Is 837877171 prime?
True
Is 70122576037 a prime number?
True
Is 141440486177 composite?
True
Is 16001322317 a prime number?
True
Is 30435650407 a composite number?
True
Is 55835323129 prime?
True
Is 39297558709 a composite number?
True
Is 3344184163 a prime number?
True
Is 2951722645 a composite number?
True
Is 100873803451 a prime number?
True
Is 700960783 a composite number?
True
Is 2947185271 prime?
False
Is 22707628609 a composite number?
False
Is 593074211 a composite number?
False
Is 6188842993 composite?
False
Is 4700056741 composite?
False
Is 3962969719 composite?
True
Is 25356670186 prime?
False
Is 623458273 prime?
True
Is 262855538747 prime?
False
Is 8254428241 a prime number?
True
Is 43037854511 a prime number?
False
Is 14735938309 prime?
True
Is 133099455287 a composite number?
True
Is 131872567837 composite?
True
Is 605107693 a composite number?
True
Is 137821759 a prime number?
False
Is 3122271013 composite?
False
Is 157402613 a composite number?
True
Is 1889164351 composite?
False
Is 4637172489 a prime number?
False
Is 15590036459 composite?
False
Is 4579507297 a composite number?
True
Is 7142539571 composite?
False
Is 1194753349 a prime number?
True
Is 17893041379 composite?
False
Is 4114542737 prime?
True
Is 285230723 a composite number?
False
Is 3137640299 prime?
True
Is 7295606497 composite?
True
Is 59463104963 composite?
False
Is 10595071079 prime?
True
Is 1735377899 a prime number?
False
Is 56835767311 a prime number?
False
Is 1736887821 a prime number?
False
Is 3231894047 a composite number?
False
Is 658283341 a composite number?
True
Is 6328696679 a composite number?
False
Is 134584969433 prime?
False
Is 2892657311 composite?
True
Is 987925303 composite?
False
Is 39976121 a prime number?
True
Is 3576312461 a prime number?
False
Is 1547410538 prime?
False
Is 246424771 a composite number?
False
Is 19077867895 a composite number?
True
Is 308043557 a prime number?
False
Is 1255678495 a composite number?
True
Is 1731627311 a composite number?
False
Is 2208596603 composite?
True
Is 49012874243 prime?
False
Is 10818398719 prime?
True
Is 15748265783 a composite number?
True
Is 21403834079 prime?
True
Is 3769979831 prime?
True
Is 5261802077 a prime number?
False
Is 2107531721 a composite number?
True
Is 311723411 a prime number?
False
Is 619602967 prime?
True
Is 15863798011 prime?
True
Is 283769713 a prime number?
False
Is 107455253 prime?
True
Is 4497982999 prime?
False
Is 2325803191 a prime number?
True
Is 1393237501 prime?
False
Is 19095999437 prime?
False
Is 273405260803 composite?
False
Is 36555931 composite?
True
Is 2474628173 prime?
True
Is 37586161 a composite number?
True
Is 56774761514 a prime number?
False
Is 666380521 composite?
True
Is 634338109 a composite number?
True
Is 471220817 prime?
False
Is 189406754837 a composite number?
True
Is 1907738363 composite?
False
Is 19496489543 composite?
False
Is 5557512397 composite?
False
Is 13640372453 composite?
False
Is 1257362779 prime?
True
Is 37656666959 a prime number?
True
Is 88059020965 a prime number?
False
Is 2902442771 a prime number?
False
Is 32501109967 prime?
True
Is 2227969577 composite?
False
Is 8542058507 prime?
True
Is 39288383 composite?
False
Is 1488691891 composite?
False
Is 5648869189 composite?
False
Is 29373643219 a composite number?
True
Is 7979537471 a prime number?
False
Is 3666556529 prime?
False
Is 2734867081 a prime number?
True
Is 1996151869 prime?
True
Is 144520160241 composite?
True
Is 3146095279 prime?
False
Is 363440071 composite?
True
Is 782063966 a composite number?
True
Is 129356244631 a composite number?
False
Is 1683954121 a composite number?
False
Is 853243 a composite number?
True
Is 962734831 a prime number?
False
Is 3745992841 composite?
False
Is 1316567419 composite?
False
Is 1918019977 a prime number?
True
Is 5561858501 a composite number?
True
Is 11742883829 a composite number?
False
Is 23005087499 a composite number?
True
Is 16237271987 prime?
False
Is 23290654213 a prime number?
True
Is 293917021 a prime number?
True
Is 82266289579 a composite number?
True
Is 1447771643 a prime number?
True
Is 24976839497 prime?
True
Is 87030882677 a composite number?
True
Is 557081081 a composite number?
True
Is 173645887 a prime number?
True
Is 142939255 composite?
True
Is 1969107851 a prime number?
False
Is 742312523 a composite number?
True
Is 5015219969 a prime number?
True
Is 754526387 prime?
True
Is 11459257174 a composite number?
True
Is 9231657613 a prime number?
False
Is 128437013 prime?
True
Is 21258127117 a composite number?
False
Is 333662492909 composite?
True
Is 1334022577 composite?
True
Is 42493067623 composite?
True
Is 367678877 composite?
True
Is 497027653 composite?
True
Is 7065365887 a composite number?
True
Is 3738622243 prime?
True
Is 16265592187 a composite number?
True
Is 10055998193 prime?
True
Is 3007280083 prime?
True
Is 2865908623 a composite number?
True
Is 18705950161 a composite number?
False
Is 771442447 a prime number?
True
Is 259453483 composite?
True
Is 2867806763 composite?
True
Is 49274009669 prime?
False
Is 16310805779 composite?
False
Is 65955629 a prime number?
True
Is 22065369149 composite?
False
Is 29093120099 composite?
True
Is 455224421 prime?
True
Is 2991929011 a prime number?
False
Is 8345691241 a prime number?
False
Is 17416973681 a prime number?
True
Is 478124551 prime?
True
Is 91250927 a prime number?
True
Is 2465693701 a prime number?
False
Is 143409175891 a prime number?
True
Is 365094953 composite?
False
Is 32742610189 a prime number?
True
Is 24471752707 a prime number?
True
Is 52425147 a composite number?
True
Is 10868922781 composite?
True
Is 564615613 a composite number?
False
Is 43768284731 a composite number?
False
Is 1801944919 prime?
False
Is 3801461617 a composite number?
True
Is 94170147613 a prime number?
True
Is 251288287 prime?
False
Is 14127930029 a composite number?
True
Is 13484171 composite?
False
Is 1325219641 prime?
False
Is 95519707313 a composite number?
False
Is 3989967962 a prime number?
False
Is 3718486829 a composite number?
True
Is 143183153 prime?
True
Is 9726048155 composite?
True
Is 13432333067 prime?
True
Is 2582616731 a composite number?
False
Is 1636054457 a composite number?
True
Is 1344178861 prime?
False
Is 4377853507 prime?
True
Is 515996843 prime?
True
Is 2969945333 prime?
False
Is 988103147 a prime number?
False
Is 960550139 a composite number?
True
Is 11768779301 composite?
True
Is 1097422721 prime?
True
Is 11510549287 composite?
False
Is 3732492931 a prime number?
True
Is 20410131173 prime?
False
Is 512230727 composite?
True
Is 335701309 a composite number?
False
Is 1836654881 composite?
False
Is 313444133 a composite number?
False
Is 1113443329 composite?
False
Is 3625496507 a prime number?
False
Is 939878279 prime?
False
Is 1409054063 prime?
False
Is 883720529 a composite number?
False
Is 7026461369 a prime number?
False
Is 47252729437 composite?
False
Is 179685659 prime?
True
Is 8335800749 prime?
False
Is 54828886201 a composite number?
True
Is 355904051 a prime number?
False
Is 2104242971 composite?
False
Is 37676599421 prime?
True
Is 30911889907 prime?
True
Is 332472073 a composite number?
False
Is 160553521 prime?
True
Is 47256893 a composite number?
False
Is 14657378999 a composite number?
False
Is 8044047866 a composite number?
True
Is 205177439 a composite number?
False
Is 6287708687 a composite number?
True
Is 93064115929 composite?
False
Is 36947789407 a composite number?
True
Is 1493551921 a composite number?
False
Is 19333774 prime?
False
Is 31146331781 a composite number?
False
Is 3487980761 a prime number?
True
Is 493239491 composite?
False
Is 659720599 composite?
True
Is 605090327 composite?
True
Is 146968